 14) in base 15?
-8
466 (base 7) to base 6
1044
11 (base 2) to base 6
3
Convert 9 (base 15) to base 4.
21
15 (base 12) to base 8
21
Convert 2e (base 15) to base 14.
32
Convert -2 (base 12) to base 15.
-2
Convert 10001101 (base 2) to base 6.
353
What is -5 (base 12) in base 13?
-5
Convert -175 (base 9) to base 5.
-1044
What is 6a (base 14) in base 16?
5e
Convert 4 (base 15) to base 4.
10
Convert -11 (base 8) to base 16.
-9
21 (base 7) to base 14
11
What is -2112 (base 4) in base 10?
-150
Convert -2313 (base 5) to base 16.
-14d
-1211 (base 3) to base 4
-301
-542 (base 6) to base 13
-12b
What is 6 (base 7) in base 16?
6
-12 (base 3) to base 5
-10
Convert 3 (base 14) to base 12.
3
4 (base 8) to base 10
4
What is -25 (base 16) in base 11?
-34
-12201 (base 3) to base 12
-10a
Convert 1 (base 8) to base 14.
1
What is 1 (base 7) in base 14?
1
Convert 10010 (base 2) to base 5.
33
Convert -70 (base 8) to base 5.
-211
21 (base 8) to base 12
15
Convert 11 (base 3) to base 4.
10
What is -13 (base 15) in base 12?
-16
Convert -1002 (base 3) to base 11.
-27
Convert -31 (base 11) to base 2.
-100010
What is -1 (base 3) in base 4?
-1
-12 (base 4) to base 15
-6
-37 (base 10) to base 4
-211
What is 64 (base 14) in base 15?
5d
What is 1405 (base 6) in base 3?
111112
Convert -16 (base 10) to base 12.
-14
Convert 1 (base 16) to base 13.
1
What is -11 (base 8) in base 3?
-100
What is 10200 (base 3) in base 7?
201
What is -2 (base 14) in base 10?
-2
What is -140 (base 9) in base 15?
-7c
88 (base 10) to base 11
80
Convert 101 (base 4) to base 5.
32
Convert 8 (base 11) to base 8.
10
-40 (base 10) to base 4
-220
What is -115 (base 7) in base 9?
-67
Convert 14 (base 9) to base 8.
15
What is 2103 (base 4) in base 14?
a7
Convert 7 (base 8) to base 7.
10
Convert -2 (base 4) to base 16.
-2
-21 (base 3) to base 6
-11
9 (base 12) to base 13
9
Convert -f (base 16) to base 9.
-16
-5 (base 9) to base 7
-5
What is 4 (base 5) in base 11?
4
Convert -4 (base 16) to base 2.
-100
1 (base 16) to base 6
1
30 (base 4) to base 15
c
What is ad (base 15) in base 6?
431
22 (base 5) to base 13
c
Convert -34 (base 6) to base 5.
-42
-10 (base 2) to base 5
-2
Convert -1313 (base 4) to base 16.
-77
What is 9 (base 14) in base 6?
13
1c2 (base 13) to base 9
403
Convert 28 (base 10) to base 2.
11100
Convert -c3 (base 13) to base 16.
-9f
What is d (base 15) in base 13?
10
200 (base 3) to base 14
14
36 (base 14) to base 8
60
What is 24 (base 6) in base 15?
11
What is 22 (base 14) in base 11?
28
What is -57 (base 8) in base 14?
-35
What is 3 (base 15) in base 3?
10
Convert -310 (base 5) to base 2.
-1010000
Convert 5 (base 6) to base 5.
10
Convert 2 (base 3) to base 10.
2
Convert -133 (base 4) to base 14.
-23
What is -a (base 15) in base 3?
-101
Convert -78 (base 13) to base 14.
-71
What is -10 (base 4) in base 8?
-4
Convert -3 (base 15) to base 9.
-3
What is 63 (base 11) in base 4?
1011
Convert -5 (base 16) to base 13.
-5
9 (base 16) to base 2
1001
What is -5 (base 10) in base 12?
-5
What is -89 (base 12) in base 11?
-96
Convert 1 (base 10) to base 6.
1
7 (base 11) to base 8
7
-7 (base 9) to base 8
-7
What is 6 (base 12) in base 9?
6
Convert 8b (base 14) to base 7.
234
What is 10 (base 15) in base 10?
15
Convert 0 (base 4) to base 3.
0
Convert 10 (base 15) to base 3.
120
What is 1 (base 3) in base 11?
1
What is -2 (base 8) in base 5?
-2
4 (base 10) to base 6
4
Convert -24 (base 13) to base 9.
-33
-10000 (base 2) to base 14
-12
Convert 2031 (base 4) to base 16.
8d
Convert 4 (base 11) to base 10.
4
What is 116 (base 14) in base 7?
426
What is -1 (base 3) in base 2?
-1
Convert b (base 12) to base 10.
11
What is 5 (base 11) in base 9?
5
Convert -68 (base 9) to base 16.
-3e
-2 (base 10) to base 7
-2
-11 (base 6) to base 15
-7
11 (base 2) to base 12
3
Convert 1 (base 4) to base 2.
1
-1 (base 4) to base 2
-1
1 (base 13) to base 15
1
What is -110011 (base 2) in base 4?
-303
Convert -38 (base 12) to base 13.
-35
Convert -68 (base 9) to base 12.
-52
Convert -3 (base 12) to base 5.
-3
-3 (base 13) to base 14
-3
Convert 0 (base 5) to base 11.
0
-2 (base 4) to base 7
-2
Convert -a (base 12) to base 2.
-1010
3 (base 7) to base 9
3
69 (base 11) to base 5
300
What is 2 (base 8) in base 5?
2
10 (base 7) to base 2
111
Convert 1011001 (base 2) to base 3.
10022
Convert -1 (base 11) to base 8.
-1
What is 22 (base 5) in base 7?
15
Convert -2332 (base 4) to base 5.
-1230
-31 (base 6) to base 11
-18
Convert -25 (base 15) to base 2.
-100011
-1 (base 11) to base 8
-1
18 (base 12) to base 10
20
Convert -187 (base 10) to base 6.
-511
What is -3 (base 8) in base 6?
-3
-62 (base 10) to base 7
-116
221 (base 4) to base 12
35
What is 1 (base 13) in base 14?
1
What is -8 (base 16) in base 13?
-8
What is -22 (base 5) in base 6?
-20
Convert 3a (base 16) to base 9.
64
-20 (base 7) to base 12
-12
What is -144 (base 9) in base 13?
-94
What is 10 (base 11) in base 13?
b
Convert -12 (base 3) to base 5.
-10
Convert -104 (base 15) to base 16.
-e5
-1111 (base 3) to base 12
-34
What is -2 (base 10) in base 3?
-2
What is 5d (base 16) in base 9?
113
Convert -1100 (base 2) to base 13.
-c
Convert -222 (base 6) to base 14.
-62
14 (base 6) to base 15
a
What is -3 (base 7) in base 11?
-3
Convert -21120 (base 3) to base 6.
-540
What is 11 (base 4) in base 15?
5
Convert -2 (base 14) to base 3.
-2
-5 (base 9) to base 16
-5
What is -2 (base 12) in base 16?
-2
171 (base 8) to base 10
121
-12 (base 5) to base 3
-21
What is -54 (base 13) in base 4?
-1011
Convert -1 (base 15) to base 14.
-1
Convert -1000 (base 2) to base 8.
-10
-19 (base 15) to base 2
-11000
21 (base 5) to base 7
14
What is 20 (base 15) in base 6?
50
-110 (base 2) to base 10
-6
Convert 6 (base 12) to base 2.
110
What is -22 (base 3) in base 8?
-10
-44 (base 8) to base 3
-1100
-1313 (base 4) to base 15
-7e
What is 0 (base 3) in base 14?
0
-90 (base 14) to base 6
-330
What is 0 (base 11) in base 12?
0
What is 3 (base 13) in base 3?
10
Convert -7 (base 16) to base 2.
-111
Convert -40 (base 6) to base 16.
-18
Convert 108 (base 10) to base 9.
130
What is -22 (base 12) in base 15?
-1b
What is -34 (base 10) in base 14?
-26
2 (base 16) to base 5
2
Convert 7 (base 16) to base 9.
7
42 (base 5) to base 15
17
-2 (base 11) to base 7
-2
What is -10 (base 9) in base 8?
-11
-466 (base 7) to base 16
-f4
What is -11 (base 11) in base 4?
-30
Convert 14 (base 10) to base 9.
15
What is 400 (base 7) in base 9?
237
What is -12 (base 11) in base 10?
-13
7 (base 13) to base 2
111
What is -b (base 12) in base 9?
-12
What is -120 (base 8) in base 2?
-1010000
What is -8a (base 14) in base 2?
-1111010
What is 1 (base 10) in base 4?
1
Convert 3 (base 4) to base 12.
3
1120 (base 6) to base 12
1a0
Convert -5 (base 8) to base 9.
-5
-3 (base 6) to base 12
-3
-8 (base 15) to base 14
-8
-17b (base 14) to base 9
-368
What is 2 (base 8) in base 2?
10
-13 (base 11) to base 16
-e
-1020 (base 3) to base 4
-201
Convert -101 (base 2) to base 7.
-5
3 (base 15) to base 2
11
What is -11022 (base 3) in base 10?
-116
What is -102 (base 3) in base 10?
-11
Convert -42 (base 8) to base 16.
-22
Convert -45 (base 15) to base 12.
-55
What is -12 (base 4) in base 16?
-6
Convert 41 (base 8) to base 5.
113
What is -3a (base 13) in base 10?
-49
What is -11 (base 5) in base 9?
-6
What is -223 (base 4) in base 10?
-43
What is 3 (base 5) in base 2?
11
45 (base 12) to base 9
58
Convert -3 (base 9) to base 13.
-3
49 (base 13) to base 7
115
-15 (base 10) to base 15
-10
What is 6 (base 13) in base 4?
12
Convert -73 (base 11) to base 2.
-1010000
Convert -3113 (base 4) to base 7.
-425
What is 6 (base 7) in base 12?
6
What is -10a (base 12) in base 13?
-bb
78 (base 11) to base 9
104
Convert 30 (base 5) to base 7.
21
What is -34 (base 5) in base 6?
-31
-1 (base 4) to base 5
-1
-2 (base 16) to base 7
-2
2 (base 6) to base 4
2
What is -11101011 (base 2) in base 4?
-3223
Convert -23 (base 5) to base 3.
-111
What is -3 (base 14) in base 6?
-3
What is 0 (base 14) in base 7?
0
6 (base 7) to base 12
6
What is -7 (base 11) in base 7?
-10
Convert -25 (base 9) to base 8.
-27
What is 11210 (base 3) in base 11?
108
What is -3 (base 11) in base 2?
-11
0 (base 8) to base 7
0
Convert -75 (base 16) to base 7.
-225
-5 (base 11) to base 7
-5
What is 8 (base 16) in base 3?
22
Wh